+ 132 = -3*p. Let t = -22 - p. Calculate the greatest common divisor of t and 187.
17
Suppose -2*w - 96 = -5*w. What is the highest common divisor of 8 and w?
8
Suppose -22 = 2*k - 128. Suppose 21 + k = 2*p + 4*i, -5*p + i + 196 = 0. Calculate the highest common factor of 13 and p.
13
Suppose 0 = 3*y - 5*y - 6. Let c be 5 - (-4 + y/(-3)). Let z(w) = w**3 - w**2 + 32. Let r be z(0). Calculate the greatest common divisor of r and c.
8
Suppose 2*y - 124 = 94. Let i be (-1 + y)/((-6)/(-8)). Calculate the greatest common divisor of 18 and i.
18
Suppose 0 - 24 = 4*w. Let l be w/2 + 23 + 1. Calculate the greatest common divisor of l and 7.
7
Suppose -5*h - 2*i = -36, -3*h + 0*i + 9 = -3*i. What is the greatest common divisor of h and 4?
2
Let r = -10 + 11. Let l = 5 - r. Let g be -80*((-14)/10 - -1). What is the highest common factor of l and g?
4
Let u be -2*(0 + (-9)/6). Calculate the greatest common factor of 24 and u.
3
Let m be 1/(-3)*(-6)/(-2). Let v(x) be the second derivative of -11*x**3/3 - x**2/2 - x. Let q be v(m). What is the highest common factor of q and 147?
21
Let b(d) = 4*d**2 + 4*d - 3. Let m be 3*1*(-3)/9. Let i be 10*(6/4 + m). Let s be b(i). What is the highest common factor of 13 and s?
13
Let s = 4 - 3. Suppose -4*i + 5 = s. Calculate the greatest common factor of 5 and i.
1
Suppose 3*g - 2*g = 11. Let t(o) = 2*o + 14. Let k be t(g). Calculate the greatest common divisor of 4 and k.
4
Suppose -43*j - 28 = -47*j. What is the greatest common divisor of j and 56?
7
Let w be -1 - 93/3*-1. What is the highest common factor of w and 15?
15
Let n = -1 - -4. Suppose n*q + 9 = 6*q. Calculate the highest common divisor of 15 and q.
3
Let m = 4 + 0. Suppose -m*o = -0*o - 44. Let w = 231 + -110. Calculate the highest common factor of w and o.
11
Let m be 15/((2/(-54))/(1/(-3))). Calculate the highest common factor of 54 and m.
27
Suppose -3*l = 2*w + 1, -5*l + 2 + 1 = w. Let h be (0 - l - -2)*-3. Let s(g) = 12*g**2 - 4. Let r be s(h). What is the greatest common factor of 13 and r?
13
Let q be (-19)/(-2) + (-2)/(-4). Calculate the greatest common divisor of 90 and q.
10
Suppose 752 = 2*r + 2*l, r + r - 748 = -l. Suppose -a = 2*u + 24 - 278, -3*a = -3*u + r. What is the highest common factor of 18 and u?
18
Let s be 9/(-21) - (-264)/28. Let d(c) = -c**2 + 10*c + 6. Let r be d(7). What is the highest common factor of s and r?
9
Let g be (22/8)/(3/12). What is the greatest common divisor of 55 and g?
11
Let w = 1 - 3. Let m be (-7)/2 + w/4. Let p(u) = 4*u**2 + 2*u - 5. Let y be p(m). What is the highest common divisor of 34 and y?
17
Let d be 110/(-11)*((-12)/1 - -1). Calculate the greatest common factor of 10 and d.
10
Let w = -37 - -21. Let o = 11 - w. Suppose -t + 45 = 4*t. What is the highest common factor of t and o?
9
Let a be 6/((-12)/(-3 - 0))*10. Calculate the highest common factor of 3 and a.
3
Let u = 57 + 168. Calculate the highest common divisor of 25 and u.
25
Suppose 2*g = g + 34. Suppose -7 = 4*y + 1. Let u be (5/(-20))/(y/136). What is the highest common factor of u and g?
17
Let m = -46 + -118. Let h = m - -316. Calculate the highest common factor of 19 and h.
19
Suppose 4*z + 0*z - 160 = 0. What is the greatest common factor of 10 and z?
10
Let l be (-4)/(-22) + (-207)/(-11). Calculate the greatest common divisor of 95 and l.
19
Let a be -64*2/(-10) - (-2)/10. What is the highest common factor of 117 and a?
13
Let w be (-1011)/(-24) + (8/2)/(-32). What is the greatest common divisor of 56 and w?
14
Let x be -7*(2/(-2) + 0). Let g = -68 - -124. What is the greatest common divisor of x and g?
7
Suppose -f + 27 - 16 = 0. What is the highest common factor of 1 and f?
1
Let v(m) = 0 + 2*m - 5*m + m - 8. Let j be v(-6). Calculate the highest common divisor of j and 4.
4
Let p = -35 - -142. Let z = p + -29. What is the greatest common divisor of z and 13?
13
Suppose 0 = 13*f - 16*f + 15. Calculate the greatest common factor of 15 and f.
5
Let f = -7 + 8. Calculate the greatest common divisor of 17 and f.
1
Let p be (-16238)/(-207) - 4/9. Calculate the highest common divisor of 52 and p.
26
Let z = 7 - 6. Let t be (6/z)/(1 - 2). Let n(b) = -2*b - 4. Let s be n(t). What is the greatest common factor of s and 24?
8
Suppose 3 = -5*u + 93. Calculate the greatest common factor of 27 and u.
9
Let x be 519/2 - 4/(-8). Suppose x = 11*d - 9*d. Calculate the highest common divisor of 26 and d.
26
Let b(x) = 2*x**3 + 2*x**2 - 2*x + 112. Let n be b(0). Suppose o + g = 16, -3*o + 0*g - g = -48. What is the greatest common factor of n and o?
16
Let g(z) = 4*z + 4. Let i be g(6). Let r be ((-12)/(-6))/((-2)/(-70)). Calculate the highest common divisor of i and r.
14
Let s(d) = d**3 - 9*d**2 + 15*d + 9. Let h be s(7). What is the greatest common divisor of 12 and h?
4
Suppose 2*z + 4 = 2*o, -z - 4*o - 19 = 4*z. Let c be z/(-6)*(-1 - -13). Suppose -f + 0*f = -6. Calculate the greatest common divisor of f and c.
6
Let l be 3/12 - (-363)/4. Suppose 3*w = -2*w. Suppose -5*f - 6*z = -2*z - 65, 4*z = w. Calculate the greatest common divisor of l and f.
13
Suppose -f = -3*y + 38 + 10, 4*f = 0. Suppose -3*i - 21 - 18 = -3*w, 4*i + y = w. What is the highest common divisor of w and 4?
4
Let x = -3 + 8. Suppose 2*v - 4 = -0. Suppose 0 = 4*z - x*m - 44, 0 = z + v*z - 5*m - 33. Calculate the greatest common divisor of 55 and z.
11
Let j(y) = 3*y**2 - 2*y + 3. Let g be j(2). Calculate the highest common divisor of 44 and g.
11
Let y be (-3)/(249/126 - 2). Calculate the greatest common divisor of y and 18.
18
Let c be 6/(-18) - 22/(-3). Calculate the highest common divisor of 7 and c.
7
Let y = -56 - -70. What is the greatest common divisor of y and 70?
14
Let o = 6 + -4. Let f be (-1)/(o/6)*-15. What is the highest common factor of f and 18?
9
Suppose 3*a = -4*l + 2*a + 15, 9 = 2*l + a. Let t = 5 - l. Calculate the greatest common divisor of t and 8.
2
Let s be 16/3 + (-1)/3. Let c = s - 5. Let d(w) = -w**3 + 19. Let y be d(c). What is the highest common factor of 19 and y?
19
Suppose -5*m + 64 - 6 = 3*y, -4*y = 16. Let k = 46 - 32. What is the greatest common divisor of k and m?
14
Suppose 481 = 8*w - 575. Calculate the highest common factor of w and 12.
12
Let q(u) be the third derivative of -u**4/24 - u**3/2 - 2*u**2. Let x be q(-9). Let i = x - 0. Calculate the greatest common factor of 6 and i.
6
Let h be (-2)/4*(-2)/(-1). Let j(r) = -11*r - 1. Let q be j(h). Calculate the greatest common factor of 40 and q.
10
Let p(a) = -a**2 - 6*a - 2. Let f be p(-5). Suppose 0 = 2*u - f*t - 53, -4*u + t + 3*t = -116. Calculate the greatest common divisor of 170 and u.
34
Let j be 8 + (-22 + 2)/5. Let i be ((-1)/1)/(1/(-1)). Suppose -5*p + d + 21 = 0, 3*d = -p - 0*d + i. What is the highest common divisor of j and p?
4
Let v(q) = -6*q - q**2 - 6*q + 0*q - 10 + q. Let y be v(-7). What is the greatest common divisor of 9 and y?
9
Let y = -104 + 122. What is the greatest common divisor of y and 9?
9
Let f(c) = -c**2 - 6*c + 2. Let k be -7 - (-1 + -2)/3. Let m be f(k). What is the greatest common divisor of m and 2?
2
Suppose z + 4*z - 170 = 0. Let i = 47 - z. Calculate the greatest common factor of i and 26.
13
Let a be (-3)/(-5) - (-24)/10. What is the highest common divisor of a and 21?
3
Let r = -28 + 39. Let a(h) = 10*h + 51. Let g be a(7). What is the highest common factor of g and r?
11
Suppose 4*j - 4 = 20. Let r(u) = u**2 + 3*u - 1. Let k be r(-5). Calculate the greatest common factor of j and k.
3
Suppose -240 = -2*r - 4*r. Suppose 0 = 4*v - 4 - 12. Suppose 0 = -3*l + 2*k + 56, 5*k - 24 - 66 = -v*l. What is the greatest common divisor of r and l?
20
Suppose 2*z + 17 = z + 5*s, -s - 3 = -z. Let y(i) = 11*i + 2. Let w be y(z). Calculate the highest common factor of 18 and w.
18
Let y(c) = 2*c + 2. Let z be y(2). Suppose 3*n - z*n = -9. Suppose 2*o + 2*p + 2 = 18, -n*p = 0. Calculate the greatest common divisor of 20 and o.
4
Let s be -4*(4 - 2)/(-2). Calculate the greatest common divisor of 12 and s.
4
Let a be 3/(-1) + 19 - 4. What is the greatest common factor of 4 and a?
4
Let q(o) = o**3 - 4*o**2 - 4*o + 2. Let k be q(5). Suppose -3*f + k*f - 72 = 0. Let i be -1*((1 - 0) + -7). What is the greatest common factor of f and i?
6
Suppose -f + 108 = 4*b, 4*b = 